6)?
0
Let w(p) = -3*p - 2 + p**3 + 13*p**2 - 30*p**2 + 13*p**2. Let j be w(4). Let q = j + 17. What is the units digit of q?
3
Let k(n) = -n. Let b(z) = 2*z - 36. Let f(a) = b(a) + 5*k(a). What is the units digit of f(-14)?
6
Suppose 246 = 5*r - 584. Suppose i + r = 3*i. What is the units digit of i?
3
Suppose 0 = 3*g - g + 8. Let t be (6/g)/(12/(-40)). Suppose 3*n + 2*r = 64, 2*n - n + t*r - 17 = 0. What is the units digit of n?
2
Suppose -4*c + 19 = 2*y - 3, -4*c = -16. Suppose -17 = -y*l + 67. Let m = l - -38. What is the tens digit of m?
6
What is the tens digit of (-2611 - 1)/((-1 - -2) + -3)?
0
Suppose 5*t - 2*c - 2*c = 4, 3*t - 5*c = -8. Suppose 0*x + 80 = t*x. What is the tens digit of x?
2
Suppose -3*c + 10 - 13 = 0, 3*w + 4*c - 1772 = 0. What is the units digit of w?
2
Let i = 24 + -18. What is the tens digit of 2/i + 1*(-1340)/(-12)?
1
Suppose -3420 = 23*q - 32*q. What is the hundreds digit of q?
3
What is the hundreds digit of (-6*(-678)/(-18))/(4/(-10))?
5
Let c(b) = b**2 - 4*b + 3. Let u be c(4). Let r be 2/6*-2*u. What is the tens digit of -19*1*(r - -1)?
1
Let u = 712 - 483. What is the units digit of u?
9
Let s(z) = z + 2. Let i be s(4). Let l(x) = -4*x - 9. Let v(d) = 4*d + 10. Let j(b) = i*l(b) + 4*v(b). What is the tens digit of j(-6)?
3
Suppose 41 = 4*s + 5*j, s + 9 = 3*j - 2. Suppose s*n + 226 = 6*n. What is the tens digit of n?
1
Suppose -l - 31 = -2*l - 2*z, 2*l - 57 = -3*z. Let q(i) = 4*i - 28. What is the tens digit of q(l)?
5
Let n(p) = -p + 2. Let g be n(2). Suppose 4*h - 3*t + 52 + 17 = g, 9 = -h - 2*t. What is the tens digit of 18/h*65/(-2)?
3
Let c(f) = 35*f**3 + 2*f**2 - 5*f + 5. Let i be c(2). Suppose 5*d = r + 489, -2*r = 3*d - 0*d - i. What is the units digit of d?
7
Let m be (2 - 1)*(6 + -1). Let f be (9 - (-1 - -2))*16. Suppose -m*c + f = 2*j, 21 = c + j - 7. What is the tens digit of c?
2
Let w = -4 + 8. Let k be (-9)/((-45)/(-50))*9/(-5). Suppose w*g - k = g. What is the units digit of g?
6
Suppose 2*j - 4*j - 2 = 0. Let h be (-3)/j*(-4 + 5). Suppose -h*y - m = -4*m, -m = 5*y - 30. What is the units digit of y?
5
Let p(x) = -x**3 - 9*x**2 - 26*x - 24. What is the units digit of p(-14)?
0
Suppose -m + 3*y = -2 + 10, 2*m + 4*y - 24 = 0. Suppose -4*h + 2*n + 20 = 0, -13 = -m*n + 3. Suppose h*v - 5*v = 100. What is the tens digit of v?
5
Let f = 336 + 199. What is the hundreds digit of f?
5
Suppose 2*m + 3*y - 8 = 0, -7 - 5 = -3*m + y. Let f be m/18 + (-8)/36. Suppose f = -b - 4, 0 = s - 3*b - 7 - 14. What is the units digit of s?
9
Let d(a) = a - 9. Let o be d(8). Let s(l) = l**3 + 8*l**2 + 9*l + 10. Let w be s(-6). Let b = o + w. What is the tens digit of b?
2
Suppose -975 = -9*w - 6*w. What is the units digit of w?
5
Suppose 0 = -5*q - 10, -6*l - 5*q + 4950 = -l. What is the hundreds digit of l?
9
Let g = -116 + 89. What is the units digit of 4/18 - -53*(-87)/g?
1
Suppose 4*j + 4*d = -68, -d + 55 = -4*j - 8. Let c = -8 - j. What is the units digit of c?
8
Let q = -477 + 1120. What is the tens digit of q?
4
Let k(t) = 2*t - 1. Let g be k(5). Let x(n) = n**3 - 9*n**2 + n + 1. Let m be x(g). Suppose 5*b - 20 + m = 0. What is the units digit of b?
2
Let r(x) = -63*x**3 - x - 3. What is the hundreds digit of r(-2)?
5
Let h(j) = -16*j**3 - j**2 + j + 1. Let g be h(-1). Suppose 25 = 5*m - g. What is the units digit of m?
8
Let w(c) = c**3 - 25*c**2 + 3*c - 62. What is the tens digit of w(25)?
1
Let y be 3/(-6) - 3/(-2). Let c = 41 - y. Let h = -29 + c. What is the units digit of h?
1
Let o(c) = c**2 - 4. Let q(h) = -36*h - 1. Let b be q(-1). Suppose 0 = 5*d - 0*d - b. What is the tens digit of o(d)?
4
Suppose 0 = 4*h + b - 4770, 8*b - 3574 = -3*h + 9*b. What is the tens digit of h?
9
What is the hundreds digit of (-3047)/(-6) - 4*10/(-240)?
5
Let j be ((-15)/9)/(5/(-18)). Suppose -65 = -j*z + 43. What is the units digit of z?
8
What is the tens digit of (-85302)/378*(1 - (-1 + 8))?
5
Let f be 17/8*-2 - (-7)/28. What is the hundreds digit of -2*732/32*f?
1
Suppose 17*v + 66 = 20*v. Suppose -279 = v*c - 25*c. What is the units digit of c?
3
Suppose -18*o + 559 = m - 13*o, -563 = -m - 4*o. What is the units digit of m?
9
Suppose -5*l - 11*l = -80544. What is the units digit of l?
4
Suppose 5*o + 3*z - 593 = 643, 2 = z. What is the tens digit of o?
4
Suppose 0 = -3*c - 5*z + 5795, z + 1007 = -4*c + 8711. What is the tens digit of c?
2
Let l = 3153 - 2196. What is the tens digit of l?
5
Let b(a) be the third derivative of -4*a**2 - 1/120*a**6 + 0*a + 1/12*a**5 + 4/3*a**3 + 0 + 5/24*a**4. What is the units digit of b(6)?
2
Suppose 16*p = -8*p + 4416. What is the tens digit of p?
8
Suppose -18 = 8*g - 10*g. Let z = g - -10. What is the tens digit of z?
1
Let h(n) = -n**3 - 5*n**2 + 4*n + 10. Let f be h(-5). Let r be (-88)/(-55) - 4/f. Suppose -67 = -2*x + 3*j - 0*j, -x + 37 = r*j. What is the units digit of x?
5
Let l(i) = 3*i + 2. Let y(d) = -2*d - 1. Let j(h) = 3*l(h) + 7*y(h). What is the tens digit of j(-8)?
3
Let f(m) = m**3 + 6*m**2 + 4. Let y = -11 - -18. Suppose 4*k - 18 = y*k. What is the units digit of f(k)?
4
Let q(k) = -k**3 - 3*k**2 + 5*k - 3. Let f be q(-4). Let i = 7 + f. Suppose -5*b + 5*t + 110 = 0, i = 4*b - 5*t + 3*t - 98. What is the units digit of b?
7
Let z(u) = -22*u + 259. What is the tens digit of z(-70)?
9
Let i be -24*(1/(-3) - -1). Suppose 0 = a + 12 - 13. Let q = a - i. What is the tens digit of q?
1
Suppose 0*b + 21*b = 23520. What is the thousands digit of b?
1
Suppose 0 = 5*n + 5*i - 2040, -i + 1204 = 3*n - 3*i. What is the tens digit of n?
0
Suppose 3*l + v = 6351, -97*l + 6357 = -94*l + 3*v. What is the hundreds digit of l?
1
Let w(a) = -2*a**3 + 9*a**2 + 5*a + 3. Let d be w(5). What is the units digit of (-554)/(-6) + (2 - 3)/d?
2
Let c(p) = -p**3 - 22*p**2 - 29*p + 16. Let s be c(-22). Suppose 5*w = s - 49. What is the tens digit of w?
2
Suppose 0 = -4*u + 3*x + 10111, 5*x - 8260 = -3*u - 655. What is the thousands digit of u?
2
Let y = 3113 + -1711. What is the units digit of y?
2
Suppose 2*m - 3*o = -0*m + 9, -5*m = -5*o - 15. Let n be 2 - (-2 - (-2 - m)). Suppose -3*x + 45 = -3*a, -3*a - 5 = -n*a. What is the tens digit of x?
1
Suppose 0 = 5*r + 4*s - 36, 4*r + 2 = -s + 22. Suppose w - 1 - 3 = 0. Suppose 0 = -r*g - 3*v + 74, w*v + 24 = 2*g - 2. What is the units digit of g?
7
Suppose 0 = -23*g + 18*g - 855. Let i = 342 + g. What is the tens digit of i?
7
Suppose -1322 = -3*m + 2*o, -m - m = 4*o - 892. What is the hundreds digit of m?
4
Let q(v) = v**2 + 2*v - 1. Let t be q(-3). Suppose t*h = 3*z + 2, 5*h + 5*z = 2*z + 5. Suppose -l + h = -20. What is the units digit of l?
1
Suppose -3*f - 2*f + 14 = 4*j, 3*j - 13 = -5*f. Suppose 0 = -5*w + 4*m + 173, f*m + 89 = 2*w + 7*m. What is the units digit of w - (-3)/((-3)/4)?
3
Let y be 30/2*26/3. Let n(q) = -q**3 + 24*q**2 - 23*q + 4. Let s be n(23). Suppose v + s*v = y. What is the units digit of v?
6
Let r(t) = t**2 - 48*t - 98. What is the tens digit of r(-31)?
5
Suppose 96*f + 24206 = 134*f. What is the units digit of f?
7
Let q(b) = 5*b - 24. Let v be q(6). Suppose -v*i - 68 + 470 = 0. What is the units digit of i?
7
Let h = 2341 + -1523. What is the units digit of h?
8
Let n = 210 - 6. Suppose -71 = -5*b + n. What is the tens digit of b?
5
Suppose -5*i + 9 + 1 = 0. Suppose 0*r = -i*r + 4, 2*g = -5*r + 42. Let m = -13 + g. What is the units digit of m?
3
Let g(f) be the second derivative of f**3/6 - 5*f**2/2 - 5*f. Let i be g(5). Suppose i*r - 5*r = -215. What is the units digit of r?
3
Let y = -1199 - -2320. What is the thousands digit of y?
1
Suppose 0 = -4*s + 1 + 3. Let k be 1 - 3 - (s + -20). Let l = 29 - k. What is the units digit of l?
2
Let y be 2/(-2)*(-469)/7. Suppose q - 34 = y. What is the hundreds digit of q?
1
Let t = 47 + -49. What is the units digit of -9*t*(-2 + 27/6)?
5
Let o = -226 + 443. What is the hundreds digit of o?
2
Let d(b) = 4*b + 39. Let r be d(-10). What is the hundreds digit of 1*(-149)/((4 + -3)*r)?
1
Let h = -1949 - -3527. What is the tens digit of h?
7
Suppose 0 = 17*y + 7*y - 27192. What is the thousands digit of y?
1
Let m(r) = 2*r + 6*r**2 + r**2 - 3*r**2 + 1. What is the units digit of m(-5)?
1
Let t(u) = -2*u - 6. Let z be t(-4). Let a(g) = -9*g - 3 - 8*g**z + 7*g**2 - 3. What is the units d